e prime factors of s(-14).
7, 11
Let a(n) = -6*n - 4*n - 2 + 27 - 14*n. List the prime factors of a(-6).
13
Let g be 1/(-5) + 32/(-40). List the prime factors of 4*g - (26 - 71).
41
Suppose 0 = 2*w + 5*l - 3729, 0 = -5*w - 3*l + 11159 - 1827. What are the prime factors of w?
1867
Let p(x) = -30*x + 35 - 15 - 9. What are the prime factors of p(-4)?
131
List the prime factors of 901/11 + 1/11.
2, 41
Let w be 4/(-2 + 8 + -4). Suppose -3*z - z - w*a = -408, 0 = 4*z + a - 412. List the prime factors of z.
2, 13
Suppose 0*g - 4*i - 1004 = -4*g, 0 = 2*i - 8. Suppose 0 = -0*d + 4*d + x - g, -d + 3*x + 80 = 0. List the prime factors of d.
5, 13
Suppose 18*i - 39*i = -12474. List the prime factors of i.
2, 3, 11
Let y(a) be the third derivative of 29*a**6/24 - a**5/30 + a**3/6 + 2*a**2. What are the prime factors of y(1)?
2, 3
Let u be (-21)/5 - 32/40. Let x = u + 19. Suppose 3 = n - x. List the prime factors of n.
17
Let k(u) = 27*u**2 + u + 13. What are the prime factors of k(4)?
449
Let x = -52 - -106. Suppose 2*y + 8 = -x. Let f = y + 48. List the prime factors of f.
17
Let z be (4/12)/(1/15). Suppose -z*u + g + 237 = 6, -3*g + 247 = 5*u. What are the prime factors of u?
47
Suppose -6*q + 3*q - 6 = 0. Let j be 3/q - 162/(-4). List the prime factors of (j/(-4))/((-6)/16).
2, 13
Let w(v) = 42*v + 3. Let k(j) = 21*j + 1. Let l(c) = -7*k(c) + 3*w(c). Let r be l(-1). Suppose -p = -24 - r. What are the prime factors of p?
47
Suppose 69*m - 127278 = 15*m. List the prime factors of m.
2357
Let q be 22629/21 - -2*6/(-21). Suppose 0 = 5*d - 3*g - q, -3*d - 3*g - 61 = -688. What are the prime factors of d?
3, 71
Suppose -344 - 772 = -3*x. List the prime factors of x.
2, 3, 31
Let s be (-2)/(-6) + 831/(-9). Let o = s + 211. What are the prime factors of o?
7, 17
Suppose 7106 = 5*b - 6959. What are the prime factors of b?
29, 97
What are the prime factors of ((-28454)/123)/((8/60)/(-2))?
2, 5, 347
Suppose -2*d + 648 = -5*d. Let h = -146 - d. What are the prime factors of ((-1)/2)/((-1)/h)?
5, 7
List the prime factors of (-8 - (-132)/11)/((-4)/(-114)).
2, 3, 19
Let o(t) = 6*t**2 - 3*t. Let q be ((-21)/(-28))/((-3)/(-8)). Suppose 0 = -2*u + q*c - 2, -u + 3*c + 0 = 7. What are the prime factors of o(u)?
2, 3
Suppose 2*a = 3*a - 8. Let r(t) = 2*t - 11. Let g be r(a). Suppose g*n - 42 = 53. What are the prime factors of n?
19
Let x(l) = -6*l - 1. Let a be x(-3). Let d = -33 + a. What are the prime factors of 3/(-3) + -1 - d?
2, 7
Let p(v) = 3*v**3 - v**2 + 1. Let w be p(-1). Let r(j) = -3 + 1 + 745*j**3 - 746*j**3 + j. List the prime factors of r(w).
2, 11
Suppose -6 = -34*l + 37*l. List the prime factors of (-42)/35*165/l.
3, 11
Let p = 202 + -138. Suppose -k - 11 = -p. List the prime factors of k.
53
Suppose -406 - 364 = -7*x. Let g be 2/6 + x/30. Suppose g*i - 165 - 71 = 0. List the prime factors of i.
59
Let h be 2 + -1*(4 + 1). Let n(j) = -j**2 - 6*j - 4. Let p be n(h). Suppose 13 + 12 = p*i. What are the prime factors of i?
5
Let s(c) = -c**3 + 5*c**2 - c + 6. Let t(m) = -6*m + 70. Let b be t(11). List the prime factors of s(b).
2, 3
Let m(h) = h**2 - 5*h + 3. Let l be m(5). Suppose 0 = l*z, -o - z - 23 = 23. Let r = o + 79. List the prime factors of r.
3, 11
Suppose 2*m + 10550 + 1582 = 4*t, -5*t + m + 15168 = 0. What are the prime factors of t?
2, 37, 41
Suppose -4*d + 672 + 283 = t, -2*t = 5*d - 1196. List the prime factors of d.
2, 7, 17
Let r(m) = m**3 + 15*m**2 - 45*m - 39. List the prime factors of r(-16).
5, 17
Suppose 14*l = 5*l + 1035. List the prime factors of l.
5, 23
Let r be 4/(-7) + (-25)/(-7). Suppose -4*w + r*w = 0. Suppose -5*x + 410 - 65 = w. List the prime factors of x.
3, 23
Suppose -3*t - 3*z + 9 = 0, 0*t - z = -2*t - 9. List the prime factors of (11 - 9)*(83/2 - t).
3, 29
Suppose -125 = -5*b - i + 5*i, -2*b + 50 = -5*i. Suppose 2*j - b - 23 = 0. What are the prime factors of 7/((-7)/2) + j?
2, 11
Let v(m) = -m**3 + 2*m + 1. Let g be v(-1). Let p = 5 + g. Suppose 2*t + 6*o - 3*o - 61 = 0, -4*t - p*o = -119. What are the prime factors of t?
2, 13
Let d = 31 + -31. Suppose 0*x = -2*x + 4*v + 266, 2*x + 2*v - 290 = d. Suppose 3*g - x = -0*n - 4*n, -180 = -5*n - 3*g. What are the prime factors of n?
3, 13
Let w be ((-216)/(-32))/(1 - 11/8). Let n(x) = x**2 + 16*x - 5. List the prime factors of n(w).
31
Suppose -5*h = -0*h. Suppose 4*l - 5*d - 363 = h, -4*l + 4*d + 0*d = -360. List the prime factors of l.
3, 29
Let z = -707 + 1032. Let r = -28 + z. What are the prime factors of r?
3, 11
Suppose -14 - 11 = -5*x. Suppose -2*z = -0*z - u - 7, -x*z + 15 = -3*u. Let r(p) = p**2 - p - 5. List the prime factors of r(z).
5
Suppose 2*j - 2*f - 860 = 0, 3*j - 609 = f + 687. What are the prime factors of j?
433
Let n(t) = -121*t - 1005. List the prime factors of n(-38).
3593
Suppose 700 = -2*g - 3*g. What are the prime factors of ((-26)/(-5))/((-7)/g)?
2, 13
Suppose 27999 = 12*n - 15165. List the prime factors of n.
3, 11, 109
Let o = -2485 + 5304. List the prime factors of o.
2819
Let s(k) = 305*k**2 - 2*k - 1. What are the prime factors of s(-1)?
2, 3, 17
Let g(p) = p**2 - 18*p + 5. List the prime factors of g(-7).
2, 3, 5
Suppose -6*b = -d - 8*b + 2471, -5*d + 5*b + 12355 = 0. What are the prime factors of d?
7, 353
Let h = -59 - -174. List the prime factors of h.
5, 23
Suppose 1128 = 12*n - 9*n. Suppose -12*a + 488 + n = 0. List the prime factors of a.
2, 3
Let u = 1431 + -1318. What are the prime factors of u?
113
Suppose -15 = 3*t, -2*t - 40 = 4*f - 454. What are the prime factors of f?
2, 53
Let y(q) = 13*q - 12. Let x(j) = -j**3 + 5*j**2 + 3*j - 7. Let g be x(5). What are the prime factors of y(g)?
2, 23
Suppose 0 - 14 = 2*c - 3*h, 0 = -h + 2. Let a(t) = -t**3 - 7*t**2 - 5*t - 3. Let o be a(c). What are the prime factors of o/(-11) + (-2)/(-11)?
3
Let s(y) = 10 + 9 + 3*y**3 + y + 2 - 2*y**3. Suppose 0 = -4*v + 3*v. What are the prime factors of s(v)?
3, 7
Let f = 3 - 1. Suppose -g + 0*m = -2*m - 73, f*g - 156 = -m. What are the prime factors of g?
7, 11
Let h = 2134 - 1461. List the prime factors of h.
673
Let g be 8/(-28) - (-44)/7. Let v(i) = i - g*i**2 - 2 + 6 + i**3 - 6 + 6*i. What are the prime factors of v(6)?
2, 5
Let o be 2 - ((-5)/2 - 8/16). Suppose -3*v - k = -o*k - 314, -4*v - 5*k = -398. List the prime factors of v.
2, 3, 17
Let d(g) = 4*g + 1 + 2 - 1 + 0 - 2*g**2 - g**3. List the prime factors of d(-4).
2, 3
Let c be -3 - (2/2 - 7). Let p be -3 - 0 - 8/(-8). List the prime factors of 40 - p/((-2)/c).
37
Suppose 0 = -0*f - 5*f + 585. Let w = f - 54. What are the prime factors of w?
3, 7
Let s = 127 - -24. List the prime factors of s.
151
Suppose 34*b = 38*b - 1008. Let k = b + -112. List the prime factors of k.
2, 5, 7
Suppose 3*m - 802 = -x - 0*x, 4*m = -2*x + 1070. List the prime factors of m.
3, 89
Let c(o) = 3*o**3 - o**2 - o + 6. Let i be c(2). Let s = 98 - i. List the prime factors of s.
2, 37
Suppose 4*w = 3*w - 7. Let p(v) = v**3 + 6*v**2 - 10*v - 6. List the prime factors of p(w).
3, 5
Let w(q) = -3 + 0*q**3 + 4*q**3 - 10*q**2 - 8*q**3 - 3*q. List the prime factors of w(-4).
3, 5, 7
Let x = -117 - -257. List the prime factors of x.
2, 5, 7
Let f(n) = 2*n + 2. Let s be f(9). Suppose 0 = 4*q + q - s. Suppose -3*k + 12 = 3*u, q*u - 5*k - 13 = 48. What are the prime factors of u?
3
Let i(p) = 39*p**2 - 6*p + 24. List the prime factors of i(3).
3, 7, 17
Suppose 0 = -6*a + 449 + 1327. What are the prime factors of a?
2, 37
Let y(a) = a**2 + 7*a - 8. Let i(t) = -t + 3. Let q be i(6). Let b(l) = -l**2 - 8*l + 9. Let o(x) = q*b(x) - 4*y(x). What are the prime factors of o(-4)?
5
Let z(b) = -2*b - 31. Let i be z(-10). Let v = i + 55. What are the prime factors of v?
2, 11
Let z(y) = 23*y**3 - 7*y**2 + 6*y + 1. List the prime factors of z(2).
13
Suppose 5*l + 3*c = 6855, -l + 1389 = -33*c + 30*c. List the prime factors of l.
2, 3, 229
Let m be 3*(8/(-9) - 2/(-9)). What are the prime factors of m*1/2 - (-1 - 203)?
7, 29
Suppose -16*h = -192 - 336. Suppose 0 = 30*v - h*v + 783. List the prime factors of v.
3, 29
Let j = -2760 - -3890. What are the prime factors of j?
2, 5, 113
Suppose -v = h + 2 - 19, -4*h + v = -73. Let i = 34 - h. List the prime factors of i.
2
Suppose 6*j - 3707 = -4*n + j, j + 920 = n. List the prime factors of n.